{"id":17,"date":"2021-02-13T21:20:50","date_gmt":"2021-02-13T21:20:50","guid":{"rendered":"https:\/\/salaojaveikko.fi\/?page_id=17"},"modified":"2021-04-16T11:11:32","modified_gmt":"2021-04-16T11:11:32","slug":"salaojaveikko","status":"publish","type":"page","link":"https:\/\/salaojaveikko.fi\/","title":{"rendered":"Esittely"},"content":{"rendered":"<div class=\"col-md-5\">\n<h2>SalaojaVeikko esittely ja toimialue<\/h2>\n<p>SalaojaVeikko Oy on perustettu 2020.\u00a0 Mittaukset teen GNSS-mittauksilla. K\u00e4yt\u00e4n maastomittauksissa m\u00f6nkij\u00e4\u00e4.<\/p>\n<p>L\u00f6yd\u00e4t yrityksen my\u00f6s <a href=\"https:\/\/www.salaojayhdistys.fi\/fi\/suunnittelu\/\" target=\"_blank\" rel=\"noopener\"><strong>Salaojayhdistys ry<\/strong><\/a>:n j\u00e4senluettelosta.<\/p>\n<p><!--\n\n\n<h2>SalaojaVeikko Oy:n laskutustiedot<\/h2>\n\n\nTeemme salaojasuunnitelmat ja johdamme salaojaurakointi -projekteja.\n\n\n<blockquote><em>\"Suunnittelemme ja toteutamme salaojituksen yhdess\u00e4.\"<\/em><\/blockquote>\n\n\n\n\n\n<hr \/>\n\n\n\n--><\/p>\n<\/div>\n<p><img loading=\"lazy\" decoding=\"async\" class=\"alignnone  wp-image-945\" src=\"https:\/\/salaojaveikko.fi\/wp-content\/uploads\/2021\/04\/IMG_20210416_130337757_HDR-300x225.jpg\" alt=\"\" width=\"818\" height=\"612\" srcset=\"https:\/\/salaojaveikko.fi\/wp-content\/uploads\/2021\/04\/IMG_20210416_130337757_HDR-300x225.jpg 300w, https:\/\/salaojaveikko.fi\/wp-content\/uploads\/2021\/04\/IMG_20210416_130337757_HDR-768x576.jpg 768w\" sizes=\"auto, (max-width: 818px) 100vw, 818px\" \/><\/p>\n<p>Tutustu <a href=\"https:\/\/salaojaveikko.fi\/index.php\/referenssit\/#post-106\">referensseihin<\/a> &#8211; tai <a href=\"https:\/\/salaojaveikko.fi\/index.php\/ota-yhteytta\/#post-176\">ota yhteytt\u00e4<\/a>.<\/p>\n","protected":false},"excerpt":{"rendered":"<p>SalaojaVeikko esittely ja toimialue SalaojaVeikko Oy on perustettu 2020.\u00a0 Mittaukset teen GNSS-mittauksilla. K\u00e4yt\u00e4n maastomittauksissa m\u00f6nkij\u00e4\u00e4. L\u00f6yd\u00e4t yrityksen my\u00f6s Salaojayhdistys ry:n j\u00e4senluettelosta. Tutustu referensseihin &#8211; tai ota yhteytt\u00e4.<\/p>\n","protected":false},"author":1,"featured_media":0,"parent":0,"menu_order":0,"comment_status":"closed","ping_status":"closed","template":"","meta":{"footnotes":""},"class_list":["post-17","page","type-page","status-publish","hentry"],"yoast_head":"<!-- This site is optimized with the Yoast SEO plugin v27.4 - https:\/\/yoast.com\/product\/yoast-seo-wordpress\/ -->\n<title>SalaojaVeikko Oy esittely - Meilt\u00e4 salaojasuunnittelut ja GNSS -mittaukset.<\/title>\n<meta name=\"description\" content=\"SalaojaVeikko Oy. Mittaukset teen GNSS-mittauksilla. Mittauksia tehd\u00e4\u00e4n kev\u00e4\u00e4ll\u00e4 - sulanmaan aikana. Sulalla n\u00e4hd\u00e4\u00e4n kosteikot hyvin.\" \/>\n<meta name=\"robots\" content=\"index, follow, max-snippet:-1, max-image-preview:large, max-video-preview:-1\" \/>\n<link rel=\"canonical\" href=\"https:\/\/salaojaveikko.fi\/\" \/>\n<meta property=\"og:locale\" content=\"fi_FI\" \/>\n<meta property=\"og:type\" content=\"article\" \/>\n<meta property=\"og:title\" content=\"SalaojaVeikko Oy esittely - Meilt\u00e4 salaojasuunnittelut ja GNSS -mittaukset.\" \/>\n<meta property=\"og:description\" content=\"SalaojaVeikko Oy. Mittaukset teen GNSS-mittauksilla. Mittauksia tehd\u00e4\u00e4n kev\u00e4\u00e4ll\u00e4 - sulanmaan aikana. Sulalla n\u00e4hd\u00e4\u00e4n kosteikot hyvin.\" \/>\n<meta property=\"og:url\" content=\"https:\/\/salaojaveikko.fi\/\" \/>\n<meta property=\"article:modified_time\" content=\"2021-04-16T11:11:32+00:00\" \/>\n<meta property=\"og:image\" content=\"https:\/\/salaojaveikko.fi\/wp-content\/uploads\/2021\/04\/IMG_20210416_130337757_HDR-300x225.jpg\" \/>\n<meta name=\"twitter:card\" content=\"summary_large_image\" \/>\n<meta name=\"twitter:label1\" content=\"Arvioitu lukuaika\" \/>\n\t<meta name=\"twitter:data1\" content=\"1 minuutti\" \/>\n<script type=\"application\/ld+json\" class=\"yoast-schema-graph\">{\"@context\":\"https:\\\/\\\/schema.org\",\"@graph\":[{\"@type\":\"WebPage\",\"@id\":\"https:\\\/\\\/salaojaveikko.fi\\\/\",\"url\":\"https:\\\/\\\/salaojaveikko.fi\\\/\",\"name\":\"SalaojaVeikko Oy esittely - Meilt\u00e4 salaojasuunnittelut ja GNSS -mittaukset.\",\"isPartOf\":{\"@id\":\"https:\\\/\\\/salaojaveikko.fi\\\/#website\"},\"primaryImageOfPage\":{\"@id\":\"https:\\\/\\\/salaojaveikko.fi\\\/#primaryimage\"},\"image\":{\"@id\":\"https:\\\/\\\/salaojaveikko.fi\\\/#primaryimage\"},\"thumbnailUrl\":\"https:\\\/\\\/salaojaveikko.fi\\\/wp-content\\\/uploads\\\/2021\\\/04\\\/IMG_20210416_130337757_HDR-300x225.jpg\",\"datePublished\":\"2021-02-13T21:20:50+00:00\",\"dateModified\":\"2021-04-16T11:11:32+00:00\",\"description\":\"SalaojaVeikko Oy. Mittaukset teen GNSS-mittauksilla. Mittauksia tehd\u00e4\u00e4n kev\u00e4\u00e4ll\u00e4 - sulanmaan aikana. Sulalla n\u00e4hd\u00e4\u00e4n kosteikot hyvin.\",\"breadcrumb\":{\"@id\":\"https:\\\/\\\/salaojaveikko.fi\\\/#breadcrumb\"},\"inLanguage\":\"fi\",\"potentialAction\":[{\"@type\":\"ReadAction\",\"target\":[\"https:\\\/\\\/salaojaveikko.fi\\\/\"]}]},{\"@type\":\"ImageObject\",\"inLanguage\":\"fi\",\"@id\":\"https:\\\/\\\/salaojaveikko.fi\\\/#primaryimage\",\"url\":\"https:\\\/\\\/salaojaveikko.fi\\\/wp-content\\\/uploads\\\/2021\\\/04\\\/IMG_20210416_130337757_HDR-rotated.jpg\",\"contentUrl\":\"https:\\\/\\\/salaojaveikko.fi\\\/wp-content\\\/uploads\\\/2021\\\/04\\\/IMG_20210416_130337757_HDR-rotated.jpg\",\"width\":1600,\"height\":1200},{\"@type\":\"BreadcrumbList\",\"@id\":\"https:\\\/\\\/salaojaveikko.fi\\\/#breadcrumb\",\"itemListElement\":[{\"@type\":\"ListItem\",\"position\":1,\"name\":\"Etusivu\",\"item\":\"https:\\\/\\\/salaojaveikko.fi\\\/\"},{\"@type\":\"ListItem\",\"position\":2,\"name\":\"Esittely\"}]},{\"@type\":\"WebSite\",\"@id\":\"https:\\\/\\\/salaojaveikko.fi\\\/#website\",\"url\":\"https:\\\/\\\/salaojaveikko.fi\\\/\",\"name\":\"\",\"description\":\"\",\"potentialAction\":[{\"@type\":\"SearchAction\",\"target\":{\"@type\":\"EntryPoint\",\"urlTemplate\":\"https:\\\/\\\/salaojaveikko.fi\\\/?s={search_term_string}\"},\"query-input\":{\"@type\":\"PropertyValueSpecification\",\"valueRequired\":true,\"valueName\":\"search_term_string\"}}],\"inLanguage\":\"fi\"}]}<\/script>\n<!-- \/ Yoast SEO plugin. -->","yoast_head_json":{"title":"SalaojaVeikko Oy esittely - Meilt\u00e4 salaojasuunnittelut ja GNSS -mittaukset.","description":"SalaojaVeikko Oy. Mittaukset teen GNSS-mittauksilla. Mittauksia tehd\u00e4\u00e4n kev\u00e4\u00e4ll\u00e4 - sulanmaan aikana. Sulalla n\u00e4hd\u00e4\u00e4n kosteikot hyvin.","robots":{"index":"index","follow":"follow","max-snippet":"max-snippet:-1","max-image-preview":"max-image-preview:large","max-video-preview":"max-video-preview:-1"},"canonical":"https:\/\/salaojaveikko.fi\/","og_locale":"fi_FI","og_type":"article","og_title":"SalaojaVeikko Oy esittely - Meilt\u00e4 salaojasuunnittelut ja GNSS -mittaukset.","og_description":"SalaojaVeikko Oy. Mittaukset teen GNSS-mittauksilla. Mittauksia tehd\u00e4\u00e4n kev\u00e4\u00e4ll\u00e4 - sulanmaan aikana. Sulalla n\u00e4hd\u00e4\u00e4n kosteikot hyvin.","og_url":"https:\/\/salaojaveikko.fi\/","article_modified_time":"2021-04-16T11:11:32+00:00","og_image":[{"url":"https:\/\/salaojaveikko.fi\/wp-content\/uploads\/2021\/04\/IMG_20210416_130337757_HDR-300x225.jpg","type":"","width":"","height":""}],"twitter_card":"summary_large_image","twitter_misc":{"Arvioitu lukuaika":"1 minuutti"},"schema":{"@context":"https:\/\/schema.org","@graph":[{"@type":"WebPage","@id":"https:\/\/salaojaveikko.fi\/","url":"https:\/\/salaojaveikko.fi\/","name":"SalaojaVeikko Oy esittely - Meilt\u00e4 salaojasuunnittelut ja GNSS -mittaukset.","isPartOf":{"@id":"https:\/\/salaojaveikko.fi\/#website"},"primaryImageOfPage":{"@id":"https:\/\/salaojaveikko.fi\/#primaryimage"},"image":{"@id":"https:\/\/salaojaveikko.fi\/#primaryimage"},"thumbnailUrl":"https:\/\/salaojaveikko.fi\/wp-content\/uploads\/2021\/04\/IMG_20210416_130337757_HDR-300x225.jpg","datePublished":"2021-02-13T21:20:50+00:00","dateModified":"2021-04-16T11:11:32+00:00","description":"SalaojaVeikko Oy. Mittaukset teen GNSS-mittauksilla. Mittauksia tehd\u00e4\u00e4n kev\u00e4\u00e4ll\u00e4 - sulanmaan aikana. Sulalla n\u00e4hd\u00e4\u00e4n kosteikot hyvin.","breadcrumb":{"@id":"https:\/\/salaojaveikko.fi\/#breadcrumb"},"inLanguage":"fi","potentialAction":[{"@type":"ReadAction","target":["https:\/\/salaojaveikko.fi\/"]}]},{"@type":"ImageObject","inLanguage":"fi","@id":"https:\/\/salaojaveikko.fi\/#primaryimage","url":"https:\/\/salaojaveikko.fi\/wp-content\/uploads\/2021\/04\/IMG_20210416_130337757_HDR-rotated.jpg","contentUrl":"https:\/\/salaojaveikko.fi\/wp-content\/uploads\/2021\/04\/IMG_20210416_130337757_HDR-rotated.jpg","width":1600,"height":1200},{"@type":"BreadcrumbList","@id":"https:\/\/salaojaveikko.fi\/#breadcrumb","itemListElement":[{"@type":"ListItem","position":1,"name":"Etusivu","item":"https:\/\/salaojaveikko.fi\/"},{"@type":"ListItem","position":2,"name":"Esittely"}]},{"@type":"WebSite","@id":"https:\/\/salaojaveikko.fi\/#website","url":"https:\/\/salaojaveikko.fi\/","name":"","description":"","potentialAction":[{"@type":"SearchAction","target":{"@type":"EntryPoint","urlTemplate":"https:\/\/salaojaveikko.fi\/?s={search_term_string}"},"query-input":{"@type":"PropertyValueSpecification","valueRequired":true,"valueName":"search_term_string"}}],"inLanguage":"fi"}]}},"_links":{"self":[{"href":"https:\/\/salaojaveikko.fi\/index.php\/wp-json\/wp\/v2\/pages\/17","targetHints":{"allow":["GET"]}}],"collection":[{"href":"https:\/\/salaojaveikko.fi\/index.php\/wp-json\/wp\/v2\/pages"}],"about":[{"href":"https:\/\/salaojaveikko.fi\/index.php\/wp-json\/wp\/v2\/types\/page"}],"author":[{"embeddable":true,"href":"https:\/\/salaojaveikko.fi\/index.php\/wp-json\/wp\/v2\/users\/1"}],"replies":[{"embeddable":true,"href":"https:\/\/salaojaveikko.fi\/index.php\/wp-json\/wp\/v2\/comments?post=17"}],"version-history":[{"count":47,"href":"https:\/\/salaojaveikko.fi\/index.php\/wp-json\/wp\/v2\/pages\/17\/revisions"}],"predecessor-version":[{"id":946,"href":"https:\/\/salaojaveikko.fi\/index.php\/wp-json\/wp\/v2\/pages\/17\/revisions\/946"}],"wp:attachment":[{"href":"https:\/\/salaojaveikko.fi\/index.php\/wp-json\/wp\/v2\/media?parent=17"}],"curies":[{"name":"wp","href":"https:\/\/api.w.org\/{rel}","templated":true}]}}